r?
True
Let r(m) = -2*m**3 + 12*m**2 + 11*m - 15. Let d be r(7). Let s = d + 36. Suppose 9*f - 5041 - 11546 = s. Is f prime?
False
Suppose 0 = 852*i - 814*i + 380. Let o(c) = 3*c - 62*c - 17 - 125*c. Is o(i) prime?
True
Let o = 212589 - 19576. Is o composite?
False
Let k be (-2)/((-9)/(180/8)). Suppose k*m - 15 = 10. Suppose 2*d + m*b - 247 = -2*d, 4*d + 3*b = 241. Is d a composite number?
True
Is 2975602/18 + 90/165 + (-228)/297 a composite number?
False
Is (((-1729)/28)/(-13) - 5)/((-2)/1100824) a composite number?
True
Let p be (-3)/(-2)*((-762)/(-9) - -2). Let n = -78 + p. Is (-2 + (-26)/1)*(-1937)/n a prime number?
False
Let i(l) = l**3 + 7*l**2 + 3*l - 8. Suppose 0 = -6*m - 295 + 31. Let o be m/(-10) + (-6)/(-10). Is i(o) a prime number?
True
Let t be -24 + 28 - (110*230 + 1). Let b = -14466 - t. Is b a prime number?
True
Let c = 11 - 5. Let m(n) be the second derivative of 7*n**4/6 + n**3/3 + 5*n**2/2 + 322*n. Is m(c) prime?
True
Let w(q) = 7*q**2 - 9*q - 11. Let z(y) be the third derivative of y**4/12 - 3*y**3 + 13*y**2. Let t be z(12). Is w(t) a prime number?
False
Let z(v) = -7*v**2 - 21*v - 4. Let y be z(-3). Is 1/5 - y/20*3889 composite?
True
Let c(m) = 5*m**3 - 5*m**2 - 7*m - 4. Let k(l) = -l + 23. Let i be k(17). Let o be c(i). Suppose 0*j - 2*j + o = 0. Is j a composite number?
True
Let i(u) be the second derivative of u**4 + 5*u**3/3 + 29*u**2/2 + 3*u + 5. Is i(-7) prime?
True
Suppose -f - f = 3*o - 1036547, -f = -3*o + 1036526. Is o composite?
False
Suppose -258*q - 47*q + 117238645 = 0. Is q composite?
True
Let t = 30 - 20. Let m(w) = w**3 - 13*w**2 + 3*w - 14. Let q be m(t). Let b = 135 - q. Is b a composite number?
False
Suppose 125158 = 9*y + 34915. Let c = -6798 + y. Is c composite?
False
Suppose -3*c + 182*w - 178*w + 37759 = 0, -5*c = -4*w - 62937. Is c a prime number?
True
Suppose -6*f - 21816 = -18*f. Suppose a + 230 = 4*h + f, -5*h = -5. Let n = 3183 - a. Is n prime?
False
Suppose j - 5*t - 61713 = -3*j, -4*j + 2*t + 61710 = 0. Is j a composite number?
False
Is ((-128)/(-192) + 22/(-24))/(4/(-5383856)) a prime number?
True
Let g = 24952 - 7701. Is g prime?
False
Let h = -1070706 + 1781915. Is h composite?
False
Suppose 4*h - 236810 = 154274. Is h composite?
False
Let y = 455883 + -209816. Is y a prime number?
False
Let d = -238203 - -360730. Is d prime?
True
Suppose -j = -3*y - 2 - 19, 0 = -y. Let s(u) = 77*u + 40. Is s(j) composite?
False
Suppose 3*i + 4*q = 36523 + 6576, 0 = -2*q - 4. Is i prime?
True
Suppose 3*l + 1968 = 4*y - l, 5*l = 2*y - 990. Let n(s) = y*s + 4 - 9 + 2 + 0. Is n(2) a composite number?
False
Let r be 82 + -76 + 33*-164. Let g = r - -9773. Is g prime?
False
Suppose -2*p - 1431 = 3*r + 1389, 0 = -4*p + 2*r - 5656. Let z = p - -2424. Is z a composite number?
True
Let g(z) = -z**2 - 7*z + 33. Let l be g(-8). Suppose l*p - 26*p = -737. Is p a prime number?
False
Let o(d) = 43*d + 12. Suppose -5*g + 4*g - 13 = z, 5*z = -2*g - 62. Let u be o(z). Let m = 1153 + u. Is m a composite number?
True
Let r(d) = d**2 - 21*d - 128. Let s be r(-6). Suppose -254629 = -s*x + 78537. Is x composite?
True
Let g be -6*3/(-42) + (-324)/(-126). Suppose 5*n = -g*r + 3093, -r - 2*r - n = -3093. Is r a composite number?
False
Let w(n) = n**3 - 2*n**2 - n + 4399. Let q be w(0). Let z = 1603 + q. Is z composite?
True
Let c = 530 - 522. Suppose -2*u + 40652 = 2*h, c*u - 5*u - 60980 = -h. Is u a prime number?
True
Let w be 64/(16/(-4))*5/10. Let a(p) = 3*p**3 - 9*p**2 - 13*p - 18. Let r be a(w). Is r/(-6) - 20/30 a composite number?
False
Let f = -48 + 63. Let m(b) = 7*b**2 + 12*b - 2. Let t be m(-6). Let k = t - f. Is k composite?
False
Suppose -2 - 2 = -4*w. Let v be w + 14 - 3 - (-1 + 4). Suppose -8*c = -v*c + 1973. Is c a prime number?
True
Let v(k) = -k**2 + 10*k + 38. Let z be v(7). Suppose -40 - z = 9*p. Let q(x) = 7*x**2 - 17*x + 15. Is q(p) a composite number?
False
Suppose -638 = -5*y + 20*f - 18*f, -2*y + 240 = 3*f. Is (-22664)/(-18)*y/28 a prime number?
False
Let r(d) = -145*d + 1. Let f(u) = 73*u. Let j(o) = -5*f(o) - 3*r(o). Let t(c) = 23*c - 1. Let x(p) = -3*j(p) + 8*t(p). Is x(-8) a prime number?
False
Let q = 112 - 106. Suppose -4*y + 23 = 3*m, 0*m = 2*m + q. Suppose -785 = -y*k + 519. Is k a prime number?
True
Let w(b) = b**3 - 8*b**2 - 2*b + 18. Let a be w(8). Suppose -d = -a*s - 265, -5*s + 671 + 124 = 3*d. Suppose f = -4*f + d. Is f a prime number?
True
Let h be 816*(2 - (-8)/(-2)). Let p = h + 2720. Let x = p - 690. Is x a composite number?
True
Let p = -2214 + 9447. Is p a composite number?
True
Suppose 1352904 + 947467 = 11*i + 50*i. Is i a composite number?
True
Let o(g) = -166*g**2 - g - 44. Let z be o(5). Let b = -1866 - z. Is b a prime number?
True
Let m(t) = -2*t + t**3 - 13 - t + 9*t**2 + t. Let s be m(-9). Suppose 0 = 3*l + s*l - 920. Is l composite?
True
Suppose -2*c - 3*h = -35174, 5*c - h - 148734 = -60799. Is c prime?
False
Let k(g) = -19 - 2*g + g - 2*g. Let u be k(-8). Suppose u*q = -q + 9210. Is q composite?
True
Suppose -4*u = 3*w - 2714 - 4235, 4*w + 3458 = 2*u. Is u composite?
True
Let l = -286066 + 428451. Is l a prime number?
False
Suppose 2*c + 4*h - 5*h - 514 = 0, 0 = -2*h. Suppose 559 + c = 6*m. Suppose m + 162 = 2*k. Is k prime?
True
Let n(a) = -12*a**3 - 2*a**2 + 0*a - 10*a**3 + 13*a - a + 5*a**3 - 31. Is n(-6) composite?
True
Let l(u) = 104*u - 24. Let k(v) = v + 1. Let w(f) = -k(f) - l(f). Let m be w(-4). Is (4 + -4 - 0) + m composite?
False
Suppose -43*y + 5420 = -42*y. Suppose -7*i - y = -21037. Is i composite?
True
Let d = -2214 - -8591. Is d a composite number?
True
Is ((-2)/(-1))/(((-215)/129)/((-607105)/3)) a prime number?
False
Let v(z) = -z**2 + 22*z + 9. Let p be v(15). Suppose -4*o = 7*o - 385. Let j = o + p. Is j composite?
False
Let a be ((-2)/(-4))/((-3)/(-78)). Let o(l) = 17*l**2 + 34*l - 64. Is o(a) composite?
False
Let h be 2 + 5 + (-1 - 1). Suppose 3*y - 5*q + 3 = 9, 0 = 3*q. Suppose 4*d + y*f = 6776, -3293 - 1796 = -3*d - h*f. Is d a prime number?
True
Is 1879073/(-2)*(-1228)/2149 composite?
True
Let u(o) = 171*o - 6. Suppose -13*h - 6*h + 285 = 0. Is u(h) composite?
True
Suppose -281138 = -29*u + 883241. Is u a prime number?
True
Suppose -35*k = -14*k - 399. Suppose -k*r = -49155 - 188858. Is r a prime number?
True
Suppose 9 - 4 = -n, 6*c - 566638 = -4*n. Is c composite?
True
Is ((-29)/58 + 2/12)/(2/(-73572)) a composite number?
True
Suppose -4*r - 3062882 = -3*u - 3*r, -2*u + 4*r + 2041938 = 0. Is u composite?
False
Let h = 2209 + -1471. Let z = -1874 - -1876. Suppose z*w = -4*x + 514, 4*w - w - 5*x - h = 0. Is w a prime number?
True
Suppose 2*y = 13*y + 99. Let p(m) = m**2 - m - 13. Let v be p(y). Is 506/v + (-3)/(-7) a prime number?
True
Suppose 4*q - 3*v - 2222761 + 316248 = 0, -5*q = -v - 2383133. Suppose 0 = -48*s + q + 711902. Is s composite?
True
Is (1 - -1)*((-1776)/(-7696))/(6/25888369) prime?
True
Let l = -184261 + 349070. Is l a prime number?
True
Let r(p) = -p**2 + 9*p - 8. Let i be r(7). Let c(h) = 11*h**2 + 13*h - 3. Let w(j) = -24*j**2 - 27*j + 8. Let s(n) = 13*c(n) + 6*w(n). Is s(i) prime?
False
Let j(g) = -12*g - 8 + 9 + 27. Let h be j(3). Is h/(48/18) - -416 a prime number?
False
Let f = 178 - 304. Let q = f - -1343. Is q a composite number?
False
Suppose -25176 - 24712 = -8*r. Let w be r/(-8)*5/(15/(-6)). Suppose -5*l + w = 204. Is l a composite number?
False
Suppose -u - 2*w = -207787, 8*w - 7*w - 1246722 = -6*u. Is u composite?
True
Suppose -3*z + 16 = 4. Suppose -z*o - 70 = a, 2*o - 18 = 4*a - 62. Is (-3)/o*213*28/2 composite?
True
Let g = -39497 - -106518. Is g a prime number?
True
Let v(g) be the second derivative of 3035*g**4/6 + g**3/2 + 2*g**2 + 4*g. Is v(-1) prime?
False
Suppose 66*p + 73*p - 114*p = 21787975. Is p composite?
True
Suppose 7*a - 3*a - 79928 = 0. Suppose 6*t - a + 5828 = 0. Is t a composite number?
True
Let d(s) = -s**3 - 8*s**2 - 29*s - 1950. Is d(-32) a prime number?
False
Suppose -690*y = -625*y - 39932035. Is y composite?
True
Suppose 0 = -i + 5*i - 80. Suppose -5*g = 2*c - i, c - 24 = -c - 3*g. Suppose -16*p = -c*p - 77. Is p composite?
True
Suppose 3*y + 29033 = 4*b + b, b + 3*y = 5821. Suppose 1169 = n - o, -o - b = -5*n - 5*o. Is n a prime number?
False
Let a = 3801 - 8178. Let h = 7414 + a. Is h a comp